mber?
True
Suppose -27*d = -11361 - 1572. Is d prime?
True
Let x be (-8)/(-3) - 12/(-36). Suppose 4*c - c - x = 0. Is c/(-2)*6 - -682 composite?
True
Let f(o) = 2*o**3 + o**2 - 8*o + 9409. Is f(0) prime?
False
Suppose -4*s - 42 = 5*o + 35, -2*o = 5*s + 24. Let f = o + 26. Let j(a) = a**2 + 7*a + 1. Is j(f) prime?
False
Let g(t) = 8*t - 18. Let u be g(-10). Let d = 219 + u. Let x = d + -34. Is x a prime number?
False
Suppose 0 = -3*w - n + 59136, -7*w + 9*n = -6*w - 19684. Is w a prime number?
False
Suppose -21*i - 3049 = -22*i. Is i a composite number?
False
Let v(j) = 381*j - 28. Is v(27) composite?
False
Suppose -1285 = -2*g - 69. Suppose -4*q + 44 = -g. Is q a composite number?
False
Suppose 698047 = 6*w + 226453. Is w a composite number?
True
Let p(g) = 250*g + 33. Is p(10) composite?
True
Suppose 3*i - t = 7164, 2*t = 5*i - t - 11944. Suppose 7*v - 2030 = i. Is v a composite number?
False
Let w = -19 - -22. Suppose 21 = -0*y + w*y. Suppose y*x = -433 + 5186. Is x prime?
False
Let y(k) be the first derivative of k**4/12 - k**3/3 - 6*k**2 + 5*k - 9. Let l(i) be the first derivative of y(i). Is l(-9) a composite number?
True
Suppose -3*d - l = -0*l - 11460, 0 = -3*d - 5*l + 11460. Is (d/3 - -2)/((-14)/(-21)) a prime number?
True
Suppose 4*w = -5*t - 214 - 513, -w = 5*t + 163. Let z = 267 + w. Is z composite?
False
Let r(v) = -2*v**3 + 9*v**2 - 1. Let k be r(8). Let x = k + 855. Suppose -6*w = -8*w + x. Is w composite?
True
Let d be -4*((-19)/(-2) + -1). Let v = 161 - 89. Let q = v + d. Is q prime?
False
Let o be -1 - (-6 + (4 - 2)). Suppose 1696 = o*z + 5*a, 3*z = 7*z + a - 2284. Suppose -4*s = -0*s - z. Is s prime?
False
Let u(d) = 8*d + 35. Let o be u(0). Suppose 2*f - 6 = -f. Suppose k + 109 = 3*s - k, s = f*k + o. Is s prime?
True
Suppose 0 = -2*i + 42997 - 10827. Is i a prime number?
False
Let s(w) = 4*w**3 - 6*w**2 - 3. Let i be s(5). Suppose -k = -64 - i. Is k a prime number?
False
Suppose 7 = 4*k + p, 4*k - 5*p - 7 = -18. Suppose -7*q - k = -148. Is q a composite number?
True
Let z = -17607 - -27790. Is z prime?
False
Let a = 1407 + -4176. Let t = -1972 - a. Is t a composite number?
False
Suppose -28*w + 47909 + 73359 = 0. Is w prime?
False
Suppose 4*w = 5*w - 4*w. Let c(s) = -s + 2761. Is c(w) a composite number?
True
Let q(m) = -15*m**3 + 5*m**2 - m + 11. Let b be q(-6). Suppose 17*w = 10*w + b. Is w a composite number?
False
Suppose -5*p - 15350 = -7*p + 4*z, -2*p - 4*z + 15350 = 0. Suppose 16*l = 21*l - p. Is l a composite number?
True
Let m(d) = -d**3 + 8*d**2 + d - 8. Let y be m(6). Suppose -3890 = 65*q - y*q. Is q a prime number?
False
Let t be 315/75 - 1/5. Suppose -3*v + 1193 = -5*l, 0*v - 2*v + 794 = -t*l. Is v prime?
True
Let h(m) = 0*m**2 - 4 + 12*m**2 + 25*m**2 + 8*m**2 - m. Is h(-2) prime?
False
Suppose u - 3260 = -s + 4653, -u + 7889 = -5*s. Is u prime?
False
Suppose 3*s - 81 + 15 = 3*c, 0 = -4*c + 5*s - 90. Let d = c + 58. Suppose 5*t + 251 = 4*k, 5*t = -k + d + 6. Is k a prime number?
True
Let v be ((-5)/(-2))/(4/8). Suppose -4*f = v*a - 510, 64 + 461 = 5*a + f. Is a a prime number?
False
Let w(c) = c**2 + 5*c + 1. Let x be w(-1). Is (-699)/6*1*12/x composite?
True
Let w be 1 - ((-1)/(-1) - -7). Let o be w*((-19 - 0) + 2). Let s = o + -64. Is s a prime number?
False
Let h(u) = -6*u - 16 + 107 - u + 15. Is h(0) a composite number?
True
Suppose -5*n + 0*n = 2*h - 15, 0 = n + 4*h - 3. Let f(k) = 4 + k**2 + n*k + 20*k - 3*k + 5. Is f(14) composite?
True
Suppose 882*g - 277949 = 875*g. Is g a composite number?
True
Let c(q) = q**3 + 32*q**2 + 18*q + 50. Is c(-29) a composite number?
True
Let y be (1 + -2)/(2/(-38)). Suppose r + 7 = -w, 5*w + y = -4*r - 13. Is (-19)/r*(-4 + 7) a prime number?
True
Suppose 0 = 72*g - 109*g + 82547. Is g a composite number?
True
Suppose 26*d - 7485 = 21*d. Is d a composite number?
True
Let v = -32 - -26. Is 3074/4 - (-9)/v a prime number?
False
Let a = 219 + -114. Let h(j) = 17*j**2 + 4*j - 1. Let y be h(3). Let t = a + y. Is t composite?
False
Let c = -81 + 156. Let t = 1 + 5. Suppose t - c = -r. Is r prime?
False
Let c(w) = -w**3 + 14*w**2 - 8*w - 2. Let r be c(10). Let z = 53 + r. Suppose -3*m = 3*v - 252, -3*v = -m - 3*m + z. Is m prime?
True
Let w(l) = -42*l - 9. Let p be w(-10). Let j be ((-12)/(-3) + -3)*p. Suppose -5*z + j = 1. Is z composite?
True
Let d(o) = o**3 - 3*o**2 + o + 3377. Is d(0) a prime number?
False
Let i be (1 - (-7)/2)*(-14436)/(-18). Suppose -3*f + i + 3036 = 0. Is f prime?
False
Suppose -4*h - 59*i = -62*i - 34338, 3*i = 5*h - 42921. Is h a composite number?
True
Let t be 2*(-3 - -2) - (-8)/4. Suppose 3*l = 4*s + 5211, -3*l + 4*l - 2*s - 1739 = t. Is l composite?
False
Let g = 81 + -96. Is (8/(-2) - 26370/g)/1 prime?
False
Let d(f) = f**2 + 6*f - 36. Is d(-19) prime?
True
Is 25958/10 + -4 + (-4)/5 prime?
True
Let v(c) be the first derivative of -2*c**4/3 + 17*c**3/6 + 2*c**2 - 2. Let t(n) be the second derivative of v(n). Is t(-5) composite?
False
Let i be (7188/8)/((-3)/(-4)). Let u be 5*-6*2253/(-30). Let s = u - i. Is s prime?
False
Suppose k + 4*t + 1082 = 6*k, -k + 5*t + 229 = 0. Let f = k + -27. Is f a composite number?
True
Let x be (-2)/(-9) - (-364084)/252. Suppose 3*k + 2*k - x = 0. Is k prime?
False
Suppose t - 4*z = -617, -4*t - z + 2*z - 2393 = 0. Let y = -188 - t. Is y prime?
True
Let p(u) = -37*u + 17. Suppose 27 + 15 = -3*f. Is p(f) prime?
False
Is (6 - 8) + 9 - (-6518 - 2) prime?
False
Let t be ((-6)/4)/(3/(-10)). Suppose -4 = -t*z + 2*a + 2, 0 = -4*z - 2*a + 12. Suppose z*w + 29 = 967. Is w composite?
True
Let x(w) = w - 13. Let l be x(10). Let m(a) = -1 + 2 + 16*a**2 + 3*a**2 - a**2. Is m(l) a composite number?
False
Suppose -5 = -o - 0. Suppose 0 = 3*v - 3247 - 2102. Suppose 0 = -4*t + o*s + v, -4*t - t + 2240 = 5*s. Is t a composite number?
True
Let k(l) = -l**3 - 2*l**2 + 9*l + 2. Let a = 11 - 19. Is k(a) prime?
False
Is -7*(-9)/84 - (-69771)/12 composite?
True
Suppose -2*g - g + 7001 = -4*z, 5*g = 4*z + 11671. Is g a composite number?
True
Suppose -42 = -3*j + 3*n, 5*j + 5*n - 90 = -0*j. Suppose -23352 - 12120 = -j*p. Is p a prime number?
False
Let n(z) be the second derivative of 343*z**4/6 - z**3/6 + 19*z. Is n(-1) a composite number?
True
Let f be (4 - 8 - -4)*1. Suppose -5*d - 5 = 5*u, -2 + f = 4*d + 2*u. Suppose d = -2*z - 5*k + 881, 5*z + 0*k + 3*k - 2212 = 0. Is z prime?
True
Suppose 5 = 3*g - 16. Suppose -g - 5 = -2*h - 5*x, 3*x = -4*h + 10. Is -2 + (6 - h) + 4 prime?
True
Let i(t) = 1311*t - 125. Is i(30) prime?
False
Suppose 3*a = -54*a + 1001319. Is a prime?
False
Is -148*((-315)/12 + 1) a prime number?
False
Suppose -9*j = -46 + 1. Let t = -5 - -9. Suppose 0 = -j*a - t*f + 995, -2*a = 3*a - 4*f - 1035. Is a composite?
True
Suppose 2 = 4*d - 6*d. Is d*(-328 - (0 - -3)) a prime number?
True
Suppose -2*o - 572 = 2*o. Suppose 4*t - 1154 + 2 = 0. Let c = t + o. Is c prime?
False
Let c be -3*3*12/(-36). Suppose -4*p = -c*j - 992, -p + 2*j = -3*j - 231. Is p a prime number?
True
Let y = -2000 + 10340. Suppose -5069 = -11*r + y. Is r prime?
False
Let y(s) = s**3 + s**2 + s + 16. Let j be y(0). Let n = -12 + j. Suppose o - n*o = -93. Is o a prime number?
True
Is ((-298)/3)/(25/((-750)/4)) prime?
False
Let v = 131 - -151. Suppose -70*n + 68*n = -v. Is n a composite number?
True
Let s = -95 - -139. Suppose -s = j - 1317. Is j a composite number?
True
Let k(l) = -2270*l + 149. Is k(-5) a composite number?
True
Let o(f) = -1109*f + 557. Is o(-16) a prime number?
True
Suppose -9 = -4*u + 3*u - 3*g, 4*u + g = 3. Is 1518/6 + u + 4 composite?
False
Let q be 58*(0 + 4) + -3. Is 4 + q + (-4 - -8) a composite number?
True
Let g(r) be the second derivative of -293*r**3/6 - 5*r**2 - 3*r. Is g(-3) composite?
True
Let m = -109 + 238. Suppose -u + 1 + 64 = -5*s, 5*u + s = 247. Let r = m - u. Is r composite?
False
Let s = 26444 + -13841. Is s a prime number?
False
Let r = 3139 - -12214. Is r composite?
True
Suppose -u + 0*u + 4 = 0. Let x be (123/u)/((-1)/4). Let j = 8 - x. Is j prime?
True
Suppose 0 = -y + 1298 + 155. Let z = y - 866. Is z a composite number?
False
Let q = 24 + -23. Let o be 3872/((-1)/q + 0). Is (-15)/(-35) - o/14 composite?
False
Let w be 4050/2 - (-2)/(3 + -1). Let r = w - 1049. Is r prime?
True
Let t be 3 + (-1 - (4 - 3)*117). Le